4/10)/(p/10). Let f = c + -60. List the prime factors of f.
3
Suppose 2*a - 38584 = -2*z, -12*a + 11*a + 19297 = -4*z. List the prime factors of a.
3, 59, 109
Let f(x) = x**3 + 8*x**2 - 7*x - 4. Let r(p) = -1 - 3*p**2 - p**2 + p**3 - 12 - 2*p**2 + p. Let s be r(6). What are the prime factors of f(s)?
2, 47
Suppose -8*g + 9*g - 2*m = 816, -3*g - 3*m = -2430. List the prime factors of g.
2, 7, 29
Let b(w) = 3*w**2 + 61*w - 33. Let g be b(-21). Let k = g + 138. List the prime factors of k.
3, 7
Let k = -51 - -154. Suppose k = -5*u - 87. Let p = u - -87. What are the prime factors of p?
7
Suppose 3*j = 5*p - 19 - 63, -2*p = -2*j - 48. List the prime factors of 19 + j + (1 - -595).
2, 149
Suppose -3*u = 2*f - 2585, 5*f = -30*u + 28*u + 6479. What are the prime factors of f?
1297
Let o = 49297 + -15487. List the prime factors of o.
2, 3, 5, 7, 23
Suppose -3*s - 5*u = 5261, 0*u + 3*u - 7063 = 4*s. Let i = -743 - s. What are the prime factors of i?
1019
Suppose 3*d - 5*m - 3446 = 0, 3*d - 579 = 2*m + 2864. Let p = -766 + d. List the prime factors of p.
3, 127
Let z(h) be the first derivative of 37*h**2/2 + 60*h + 17. What are the prime factors of z(10)?
2, 5, 43
Suppose -53*w + 51*w = -10. Suppose 5*p - 3002 = 4*d, 2*p = -0*p - w*d + 1181. List the prime factors of p.
2, 13, 23
Let l(h) = 50*h - 18. Let v(o) = -7*o**3 + 5*o + 4. Let z be v(-1). List the prime factors of l(z).
2, 3, 47
Let f(w) = 18*w + 2. Let g be f(-1). Let p be -1*2/((g/10)/4). Suppose 5*v + 2*n - 301 = 0, -5*v - p*n + 306 = 11. List the prime factors of v.
61
Suppose 0*x - 6*x + 468 = 0. Let m = x + 56. Let y = -89 + m. What are the prime factors of y?
3, 5
Suppose 6*l - 52308 + 18588 = 0. Suppose -l = -20*s - 0*s. List the prime factors of s.
281
List the prime factors of (-8)/(-5) + 165700/500.
3, 37
Let n = 75 - 84. Let w(d) = -d**3 - 10*d**2 - 7*d + 18. Let t be w(n). Suppose 3*z = 2*c + 58, t = -c - 1 + 2. What are the prime factors of z?
2, 5
Let c = -907 + 1713. Suppose -6*k + c = -1216. Let b = -192 + k. List the prime factors of b.
5, 29
Let i(a) = -a**2 + 12*a + 117. Let w be i(23). List the prime factors of 4/14 - (-3 - w/(-14)).
13
Suppose 0 = -o + 3*q + 5196 + 9677, 5*q = 2*o - 29744. List the prime factors of o.
14867
Suppose 5*q + 4*r - 43143 = 0, 3*r + 7654 + 967 = q. What are the prime factors of q?
8627
Let x(w) = 102*w**2 + 20*w + 333. List the prime factors of x(-16).
5, 11, 19
Let j = 6113 - 3182. Let t = 4228 - j. List the prime factors of t.
1297
Let c be (-12)/3 - (23 - 2)*-3. Let m = c - 59. Suppose f + 5 = m, 6*n - 2*n - 3*f = 99. What are the prime factors of n?
3, 7
Suppose 626418 = 9*b + 235260. List the prime factors of b.
2, 31, 701
Let o(d) = -71*d**2 - 7. Let z(r) = -212*r**2 - r - 22. Let t(a) = 8*o(a) - 3*z(a). What are the prime factors of t(-2)?
2, 3, 23
Let d be (0 + 1)*1 + 2676 + 40. Suppose d = 8*q - 2243. What are the prime factors of q?
2, 5, 31
List the prime factors of (-14*595/(-70))/(53/(-27) - -2).
3, 7, 17
Suppose 14*c - 31601 = -3*v + 18*c, 0 = 2*v - 2*c - 21068. What are the prime factors of v?
5, 7, 43
Suppose 4*p - 101 = 207. Let f(m) = m**2 - 2*m - 11. Let x be f(5). Let g = x + p. List the prime factors of g.
3
Let o(j) = -j**3 + 2*j**2 + 26*j - 8. Let k be o(6). Suppose 5*x = i + 76 + 66, 2*i + k = 0. List the prime factors of x.
2, 7
Let m(b) = 8*b - 6. Let o be m(1). List the prime factors of (-1918)/(-7) - (o - -1 - -1).
2, 3, 5
Let m(r) be the third derivative of r**6/120 + 43*r**5/60 + 10*r**4/3 - 49*r**3/6 + 2*r**2 - 20*r. What are the prime factors of m(-41)?
3, 11
Suppose 3*q + 2*k = 3289 - 735, -q = 3*k - 842. List the prime factors of q.
2, 7, 61
Let u be 105/(-10)*((-24)/14)/1. Let g = u + -16. Let w = 9 - g. List the prime factors of w.
7
Let d = 1353 - 2053. Let l = -399 - d. List the prime factors of l.
7, 43
Let o be (5 + 0)*(-10 + 11). Suppose 5*l = -o*p + 460, 5*l + p = -3*p + 465. What are the prime factors of l?
97
Let f(a) = a**2 + 13*a - 82. Let s be f(-19). Let l(b) = 24*b - 75. List the prime factors of l(s).
3, 7, 11
Let a(u) = 12*u - 54. Let d be a(6). Suppose d*l - 1776 = -6*l. What are the prime factors of l?
2, 37
Suppose 4*z - 4*i = 48948, -717*z + 12241 = -716*z + 3*i. What are the prime factors of z?
2, 29, 211
Suppose 0 = 14*l - 10*l - 16. Suppose l*x - 2 = 6. Suppose -2*o = x*k - 3*o - 54, k - 2*o = 27. List the prime factors of k.
3
Let f be ((-234)/(-6))/(-1 - -4). Suppose -f*h - 1008 = -3205. List the prime factors of h.
13
Let d(b) = -b**2 + 14*b - 35. Let n be d(10). Suppose n*h + 2232 = 7142. What are the prime factors of h?
2, 491
Let n(d) = 159*d**2 + 247*d + 11. What are the prime factors of n(-5)?
3, 7, 131
Suppose -48342 = -5*q - 3*r, -31*r = 2*q - 33*r - 19356. What are the prime factors of q?
2, 3, 13, 31
Suppose -2*a = -2*t - t + 8, 3*t = -a + 5. Suppose n + 2222 = 3*y, -t*y + 4*n + 1474 = 7*n. List the prime factors of y.
2, 5, 37
List the prime factors of 4/(-5) + 316767/15 + 3.
2, 3, 5, 11
Suppose 6 = 3*m - 3. Let v(l) = l**3 - 4*l**2 + 5*l. Let i be v(m). Suppose i*a - 312 = 252. List the prime factors of a.
2, 47
Suppose 16*p - 4*v = 11*p + 98042, -3*v + 6 = 0. What are the prime factors of p?
2, 5, 37, 53
Let u(j) = 9*j - 4. Let l be u(1). Suppose -l*m = -170 - 60. Suppose -3*q + m = 28. List the prime factors of q.
2, 3
Let l(k) = k**2 + 12*k - 15. Let y = 6 + -16. Let r be l(y). Let b = r + 81. List the prime factors of b.
2, 23
Suppose 0 = -2*a + 23 - 9. Suppose 2*z + a*z = 18. Suppose 136 = z*d - d. List the prime factors of d.
2, 17
Suppose 58121 = 4*h + 5*a + 13735, -2*h + 22160 = -3*a. List the prime factors of h.
13, 853
Suppose 11*q + 14124 - 142268 = -5*q. What are the prime factors of q?
8009
Let a(i) = -62*i + 117. Let z(b) = -124*b + 232. Let x(c) = 7*a(c) - 3*z(c). What are the prime factors of x(-5)?
433
Let z(m) = 1394*m + 351. What are the prime factors of z(11)?
5, 3137
Suppose 4*i = 0, i + 113 - 38 = 5*f. Suppose -f*y - 11152 = -31*y. What are the prime factors of y?
17, 41
Let o(n) be the first derivative of n**4/2 + 16*n**3 + 63*n**2/2 + 33*n + 44. What are the prime factors of o(-22)?
11, 53
Let q = 443 - 440. Suppose 4*h - 142 = a + 480, 2*h - 318 = -q*a. What are the prime factors of h?
2, 3, 13
Suppose 3*o = 2*j - 1072 - 637, -5*j - o = -4298. What are the prime factors of j?
859
Let j = 73 + -78. Let l be (-30)/(j/(86 - 1)). Suppose 4*k + 3*s = 5*s + l, -380 = -3*k + s. What are the prime factors of k?
5
Let b(r) = -r**3 - 63*r**2 - 480*r + 227. List the prime factors of b(-55).
3, 809
Let n(r) = 153*r**2 + 4*r - 15. Let u be n(4). Suppose -13*p + u + 5676 = 0. List the prime factors of p.
5
Let r(d) = -d**2 - 1. Let s(g) = -2*g**2 - 12*g + 3. Let p = -42 + 39. Let v(b) = p*r(b) + s(b). List the prime factors of v(14).
2, 17
Let p(z) = z**3 - 6*z**2 - 2. Let j be (-3 + 2)*(-8 + 2). Let a be p(j). What are the prime factors of (-8)/12*-73 - a/6?
7
Let n(s) = 2*s**2 + 29*s + 19. Let y be n(-14). Suppose -3*k + 325 = -t, y*t - 211 = -3*k + k. Let m = k + -105. What are the prime factors of m?
3
Suppose -5*b = 3*b + 264. Let p be 42/9*36/(-14). List the prime factors of 2 - b/p - (-1308)/16.
3
Suppose 0 = -571*w + 549*w + 9020. What are the prime factors of w?
2, 5, 41
Suppose -7*z = -154 - 350. Let d be (4/(-3))/((-4)/6). Suppose d*f - 32 - z = 0. List the prime factors of f.
2, 13
Suppose 0 = -32*a + 374935 - 98551. What are the prime factors of a?
3, 2879
Let g(t) = t**2 + 10*t + 1803. What are the prime factors of g(96)?
3, 11
Let r(l) = -36*l + 21. Let k(c) = c - 1. Let g(n) = 54*k(n) + 2*r(n). Let w be g(-6). What are the prime factors of (4/6 + (-328)/w)*-4?
11
Let v be 0/(-1 + -8)*(-1 - 0). Suppose v = 5*r + 513 - 1443. What are the prime factors of r?
2, 3, 31
Suppose -4*f = 13 - 797. What are the prime factors of 280/6*2205/f?
3, 5, 7
Let y(f) = 4*f + 84. Let a be y(-21). Suppose 19*o - 3531 - 6482 = a. List the prime factors of o.
17, 31
Suppose -20 = 5*o, 5*o = 3*k - 12 - 14. Suppose -5*b = -2*w + 76 + 1, k*w = 2*b + 68. Let j = 60 - w. List the prime factors of j.
29
Suppose 0 = -0*s + s - 6*s. Suppose s = 5*u - 73 - 172. Let h = 104 - u. List the prime factors of h.
5, 11
Let k = -11467 - -25488. What are the prime factors of k?
7, 200